{"id":2237,"date":"2022-02-18T12:36:25","date_gmt":"2022-02-18T11:36:25","guid":{"rendered":"https:\/\/www.lasgabias.es\/portal-transparencia\/?page_id=2237"},"modified":"2023-04-18T13:38:29","modified_gmt":"2023-04-18T11:38:29","slug":"codigos-dir3","status":"publish","type":"page","link":"https:\/\/www.lasgabias.es\/portal-transparencia\/transparencia-economico-financiera\/codigos-dir3\/","title":{"rendered":"C\u00f3digos DIR3"},"content":{"rendered":"<div class=\"wpb-content-wrapper\"><p>[vc_row][vc_column]<div id=\"ultimate-heading-86296a09a4be28eb3\" class=\"uvc-heading ult-adjust-bottom-margin ultimate-heading-86296a09a4be28eb3 uvc-2277  uvc-heading-default-font-sizes\" data-hspacer=\"no_spacer\"  data-halign=\"left\" style=\"text-align:left\"><div class=\"uvc-heading-spacer no_spacer\" style=\"top\"><\/div><div class=\"uvc-main-heading ult-responsive\"  data-ultimate-target='.uvc-heading.ultimate-heading-86296a09a4be28eb3 h2'  data-responsive-json-new='{\"font-size\":\"\",\"line-height\":\"\"}' ><h2 style=\"font-weight:bold;margin-bottom:25px;\">Calendario fiscal<\/h2><\/div><\/div>[vc_column_text]El Directorio Com\u00fan de Unidades Org\u00e1nicas y Oficinas (DIR3) es el inventario unificado y com\u00fan de las unidades org\u00e1nicas, los organismos p\u00fablicos, sus oficinas asociadas y las unidades de gesti\u00f3n econ\u00f3mica y presupuestaria de todas las Administraciones P\u00fablicas.<\/p>\n<p>Todo documento que se presente ante la Administraci\u00f3n debe llevar el c\u00f3digo de identificaci\u00f3n del \u00f3rgano al que va dirigido.<\/p>\n<p>Si desea consultar los c\u00f3digos de identificaci\u00f3n de los \u00f3rganos, centros y unidades administrativas, puede hacerlo desde el apartado &#8216;Consulta de unidades y oficinas en DIR3&#8217; en el siguiente enlace del Portal de Administraci\u00f3n Electr\u00f3nica:<\/p>\n<ul>\n<li>C\u00f3digo DIR3 Ayuntamiento de Las Gabias (L01189056)<\/li>\n<li><a href=\"https:\/\/administracionelectronica.gob.es\/ctt\/dir3\/descargas\" target=\"_blank\" rel=\"noopener noreferrer\">Consulta de unidades y oficinas en DIR3<\/a><\/li>\n<\/ul>\n<p>&nbsp;<\/p>\n<p><img loading=\"lazy\" decoding=\"async\" class=\"alignnone size-full wp-image-2240\" src=\"https:\/\/www.lasgabias.es\/portal-transparencia\/wp-content\/uploads\/sites\/8\/2023\/03\/codigos-dir3-lasgabias.png\" alt=\"\" width=\"627\" height=\"580\" srcset=\"https:\/\/www.lasgabias.es\/portal-transparencia\/wp-content\/uploads\/sites\/8\/2023\/03\/codigos-dir3-lasgabias.png 627w, https:\/\/www.lasgabias.es\/portal-transparencia\/wp-content\/uploads\/sites\/8\/2023\/03\/codigos-dir3-lasgabias-300x278.png 300w\" sizes=\"auto, (max-width: 627px) 100vw, 627px\" \/>[\/vc_column_text][\/vc_column][\/vc_row]<\/p>\n<\/div>","protected":false},"excerpt":{"rendered":"<p>[vc_row][vc_column][vc_column_text]El Directorio Com\u00fan de Unidades Org\u00e1nicas y Oficinas (DIR3) es el inventario unificado y com\u00fan de las unidades org\u00e1nicas, los organismos p\u00fablicos, sus oficinas asociadas y las unidades de gesti\u00f3n econ\u00f3mica y presupuestaria de todas las Administraciones P\u00fablicas. Todo documento que se presente ante la Administraci\u00f3n debe llevar el c\u00f3digo de identificaci\u00f3n del \u00f3rgano al&hellip;<\/p>\n","protected":false},"author":141,"featured_media":0,"parent":1938,"menu_order":0,"comment_status":"closed","ping_status":"closed","template":"","meta":{"_acf_changed":false,"footnotes":""},"class_list":["post-2237","page","type-page","status-publish","hentry","description-off"],"acf":[],"_links":{"self":[{"href":"https:\/\/www.lasgabias.es\/portal-transparencia\/wp-json\/wp\/v2\/pages\/2237","targetHints":{"allow":["GET"]}}],"collection":[{"href":"https:\/\/www.lasgabias.es\/portal-transparencia\/wp-json\/wp\/v2\/pages"}],"about":[{"href":"https:\/\/www.lasgabias.es\/portal-transparencia\/wp-json\/wp\/v2\/types\/page"}],"author":[{"embeddable":true,"href":"https:\/\/www.lasgabias.es\/portal-transparencia\/wp-json\/wp\/v2\/users\/141"}],"replies":[{"embeddable":true,"href":"https:\/\/www.lasgabias.es\/portal-transparencia\/wp-json\/wp\/v2\/comments?post=2237"}],"version-history":[{"count":3,"href":"https:\/\/www.lasgabias.es\/portal-transparencia\/wp-json\/wp\/v2\/pages\/2237\/revisions"}],"predecessor-version":[{"id":3138,"href":"https:\/\/www.lasgabias.es\/portal-transparencia\/wp-json\/wp\/v2\/pages\/2237\/revisions\/3138"}],"up":[{"embeddable":true,"href":"https:\/\/www.lasgabias.es\/portal-transparencia\/wp-json\/wp\/v2\/pages\/1938"}],"wp:attachment":[{"href":"https:\/\/www.lasgabias.es\/portal-transparencia\/wp-json\/wp\/v2\/media?parent=2237"}],"curies":[{"name":"wp","href":"https:\/\/api.w.org\/{rel}","templated":true}]}}