{"id":3029,"date":"2021-03-02T11:48:57","date_gmt":"2021-03-02T10:48:57","guid":{"rendered":"https:\/\/www.lasgabias.es\/portal-transparencia\/?page_id=3029"},"modified":"2025-05-27T13:00:07","modified_gmt":"2025-05-27T11:00:07","slug":"convocatoria-para-la-provision-interina-de-un-puesto-de-trabajo-de-tecnico-de-administracion-general","status":"publish","type":"page","link":"https:\/\/www.lasgabias.es\/portal-transparencia\/convocatoria-para-la-provision-interina-de-un-puesto-de-trabajo-de-tecnico-de-administracion-general\/","title":{"rendered":"Convocatoria para la provisi\u00f3n interina, de un puesto de trabajo de T\u00e9cnico de Administraci\u00f3n General"},"content":{"rendered":"<div class=\"wpb-content-wrapper\"><p>[vc_row][vc_column]<div id=\"ultimate-heading-218669f88589051e7\" class=\"uvc-heading ult-adjust-bottom-margin ultimate-heading-218669f88589051e7 uvc-2400  uvc-heading-default-font-sizes\" data-hspacer=\"no_spacer\"  data-halign=\"left\" style=\"text-align:left\"><div class=\"uvc-heading-spacer no_spacer\" style=\"top\"><\/div><div class=\"uvc-main-heading ult-responsive\"  data-ultimate-target='.uvc-heading.ultimate-heading-218669f88589051e7 h3'  data-responsive-json-new='{\"font-size\":\"\",\"line-height\":\"\"}' ><h3 style=\"font-weight:bold;margin-bottom:10px;\">Convocatoria para la provisi\u00f3n interina, de un puesto de trabajo de T\u00e9cnico de Administraci\u00f3n General<\/h3><\/div><div class=\"uvc-sub-heading ult-responsive\"  data-ultimate-target='.uvc-heading.ultimate-heading-218669f88589051e7 .uvc-sub-heading '  data-responsive-json-new='{\"font-size\":\"\",\"line-height\":\"\"}'  style=\"font-style:italic;font-weight:normal;margin-bottom:10px;\"><\/p>\n<p style=\"text-align: justify;\">Documentaci\u00f3n relativa a las bases para la <span dir=\"ltr\" role=\"presentation\">provisi\u00f3n interina de un puesto de <\/span><span dir=\"ltr\" role=\"presentation\">trabajo de T\u00e9cnico de Administraci\u00f3n General, a jornada completa, correspondiente <\/span><span dir=\"ltr\" role=\"presentation\">a una plaza vacante en la plantilla de personal funcionario del Ayuntamiento de Las <\/span><span dir=\"ltr\" role=\"presentation\">Gabias,<\/span> <span dir=\"ltr\" role=\"presentation\">clasificado<\/span> <span dir=\"ltr\" role=\"presentation\">en<\/span> <span dir=\"ltr\" role=\"presentation\">la<\/span> <span dir=\"ltr\" role=\"presentation\">Escala<\/span> <span dir=\"ltr\" role=\"presentation\">de<\/span> <span dir=\"ltr\" role=\"presentation\">Administraci\u00f3n<\/span> <span dir=\"ltr\" role=\"presentation\">General,<\/span> <span dir=\"ltr\" role=\"presentation\">Subescala<\/span> <span dir=\"ltr\" role=\"presentation\">T\u00e9cnica, <\/span><span dir=\"ltr\" role=\"presentation\">encuadrado<\/span> <span dir=\"ltr\" role=\"presentation\">en<\/span> <span dir=\"ltr\" role=\"presentation\">el<\/span> <span dir=\"ltr\" role=\"presentation\">Subgrupo<\/span> <span dir=\"ltr\" role=\"presentation\">A1, por el procedimiento de concurso-oposici\u00f3n libre.<\/span><\/p>\n<p><\/div><\/div>[vc_empty_space height=\u00bb22px\u00bb][vc_message color=\u00bbinfo\u00bb]<strong>Estado del proceso selectivo: <\/strong>Resoluci\u00f3n del tribunal. PROCESO SELECTIVO FINALIZADO.[\/vc_message][vc_empty_space height=\u00bb22px\u00bb][\/vc_column][\/vc_row][vc_row][vc_column][vc_tta_tabs title_tag=\u00bbh5&#8243; style=\u00bbmodern\u00bb color=\u00bbmulled-wine\u00bb active_section=\u00bb1&#8243; title=\u00bbDocumentaci\u00f3n adjunta:\u00bb][vc_tta_section i_icon_fontawesome=\u00bbfas fa-file-pdf\u00bb add_icon=\u00bbtrue\u00bb title=\u00bbBases y anuncios\u00bb tab_id=\u00bb1679074197028-2291d4ea-5b4a\u00bb][vc_row_inner][vc_column_inner]<div class=\"standard-number-list bullet-top\"><ul>\n<li><a href=\"https:\/\/www.lasgabias.es\/wp-content\/uploads\/sites\/8\/2021\/03\/Bases-aprobadas-en-Junta-de-Gobierno-Local-y-diligencias-T\u00e9cnico-de-Administraci\u00f3n-General-1.pdf\" target=\"_blank\" rel=\"noopener\">Bases aprobadas en Junta de Gobierno Local<\/a><\/li>\n<li><a href=\"https:\/\/www.lasgabias.es\/wp-content\/uploads\/sites\/8\/2021\/03\/Publicaci\u00f3n-BOP-Bases-TAG-1.pdf\" target=\"_blank\" rel=\"noopener\">Publicaci\u00f3n en BOP de las bases del puesto de TAG<\/a><\/li>\n<li><a href=\"https:\/\/www.lasgabias.es\/wp-content\/uploads\/sites\/8\/2021\/03\/ANUNCIOLISTADOPROVISIONALADMITIDOS-EXCLUIDOSTAGF_317285_f.pdf\" target=\"_blank\" rel=\"noopener\">Listado provisional de admitidos y excluidos TAG<\/a><\/li>\n<li><a href=\"https:\/\/www.lasgabias.es\/portal-transparencia\/wp-content\/uploads\/sites\/8\/2025\/05\/Decreto-reapertura-plazo-reclamaciones-TAG.pdf\" target=\"_blank\" rel=\"noopener\">Decreto reapertura plazo alegaciones TAG<\/a><\/li>\n<li><a href=\"https:\/\/www.lasgabias.es\/wp-content\/uploads\/sites\/8\/2021\/03\/ANUNCIO-LISTADO-DEFINITIVO-Y-FECHA-EXAMEN-TECNICO-DE-ADMINISTRACION-GENERAL.pdf\" target=\"_blank\" rel=\"noopener\">Anuncio listado definitivo y fecha de examen puesto T\u00e9cnico de Administraci\u00f3n General<\/a><\/li>\n<li><a href=\"https:\/\/www.lasgabias.es\/wp-content\/uploads\/sites\/8\/2021\/03\/NORMAS-FUNCIONAMIENTO-TRIBUNAL-1.pdf\" target=\"_blank\" rel=\"noopener\">Normas funcionamiento del Tribunal<\/a><\/li>\n<li><a href=\"https:\/\/www.lasgabias.es\/wp-content\/uploads\/sites\/8\/2021\/03\/Anuncio-fase-de-concurso-TAG.pdf\" target=\"_blank\" rel=\"noopener\">Anuncio fase de concurso TAG<\/a><\/li>\n<li><a href=\"https:\/\/www.lasgabias.es\/wp-content\/uploads\/sites\/8\/2021\/03\/ANUNCIO-FASE-DE-CONCURSO-DEFINITIVA.pdf\" target=\"_blank\" rel=\"noopener\">Anuncio fase de concurso definitiva TAG<\/a><\/li>\n<li><a href=\"https:\/\/www.lasgabias.es\/wp-content\/uploads\/sites\/8\/2021\/03\/ANUNCIO-EXAMEN-Y-PLANTILLA.pdf\" target=\"_blank\" rel=\"noopener\">Anuncio de examen y plantilla TAG<\/a><\/li>\n<li><a href=\"https:\/\/www.lasgabias.es\/wp-content\/uploads\/sites\/8\/2021\/03\/DECRETO-SUSPENSION-PROCESO-Y-APERTURA-PLAZO-ALEGACIONES.pdf\" target=\"_blank\" rel=\"noopener\">Decreto de suspensi\u00f3n del proceso y apertura de plazo de alegaciones<\/a><\/li>\n<li><a href=\"https:\/\/www.lasgabias.es\/wp-content\/uploads\/sites\/8\/2021\/03\/Decreto-anuncio-examen.pdf\" target=\"_blank\" rel=\"noopener\">Anuncio repetici\u00f3n primer ejercicio el 20 de julio<\/a><\/li>\n<li><a href=\"https:\/\/www.lasgabias.es\/wp-content\/uploads\/sites\/8\/2021\/03\/anuncio-repetici\u00f3n-primer-ejercicio-oposici\u00f3n-1.pdf\" target=\"_blank\" rel=\"noopener\">Anuncio Tribunal repetici\u00f3n primer ejercicio<\/a><\/li>\n<li><a href=\"https:\/\/www.lasgabias.es\/wp-content\/uploads\/sites\/8\/2021\/03\/ANUNCIO-EXAMEN-Y-PLANTILLA-PRIMER-EJERCICIO-REPETIDO.pdf\" target=\"_blank\" rel=\"noopener\">Anuncio examen y plantilla primer ejercicio repetido<\/a><\/li>\n<li><a href=\"https:\/\/www.lasgabias.es\/wp-content\/uploads\/sites\/8\/2021\/03\/ANUNCIO-APERTURA-SOBRE-PRIMER-EJERCICIO.pdf\" target=\"_blank\" rel=\"noopener\">Anuncio apertura sobre de identificaci\u00f3n de aspirantes<\/a><\/li>\n<li><a href=\"https:\/\/www.lasgabias.es\/wp-content\/uploads\/sites\/8\/2021\/03\/ANUNCIO-CALIFICACIONES-PROVISIONALES-PRIMER-EJERCICIO.pdf\" target=\"_blank\" rel=\"noopener\">Anuncio calificaciones provisionales primer ejercicio<\/a><\/li>\n<li><a href=\"https:\/\/www.lasgabias.es\/wp-content\/uploads\/sites\/8\/2021\/03\/ANUNCIO-CALIFICACIONES-DEFINITIVAS-PRIMER-EJERCICIO-TAG-INTERINO.pdf\" target=\"_blank\" rel=\"noopener\">Anuncio calificaciones definitivas primer ejercicio TAG interino<\/a><\/li>\n<li><a href=\"https:\/\/www.lasgabias.es\/wp-content\/uploads\/sites\/8\/2021\/03\/CRITERIOS-DE-CORRECCI\u00d3N-CASO-PR\u00c1CTICO.pdf\" target=\"_blank\" rel=\"noopener\">Criterios de correcci\u00f3n caso pr\u00e1ctico<\/a><\/li>\n<li><a href=\"https:\/\/www.lasgabias.es\/wp-content\/uploads\/sites\/8\/2021\/03\/SUPUESTO-PR\u00c1CTICO.pdf\" target=\"_blank\" rel=\"noopener\">Supuesto pr\u00e1ctico<\/a><\/li>\n<li><a href=\"https:\/\/www.lasgabias.es\/wp-content\/uploads\/sites\/8\/2021\/03\/ANUNCIO-CALIFICACIONES-PROVISIONALES-SEGUNDO-EJERCICIO.pdf\" target=\"_blank\" rel=\"noopener\">Anuncio Calificaciones provisionales segundo ejercicio<\/a><\/li>\n<li><a href=\"https:\/\/www.lasgabias.es\/wp-content\/uploads\/sites\/8\/2021\/03\/ANUNCIO-CALIFICACI\u00d3N-FINAL_signed.pdf\" target=\"_blank\" rel=\"noopener\">Anuncio Calificaci\u00f3n final<\/a><\/li>\n<li><a href=\"https:\/\/www.lasgabias.es\/wp-content\/uploads\/sites\/8\/2021\/03\/RESOLUCION-TRIBUNAL_signed.pdf\" target=\"_blank\" rel=\"noopener\">Resoluci\u00f3n tribunal<\/a><\/li>\n<\/ul>\n<\/div>[\/vc_column_inner][\/vc_row_inner][\/vc_tta_section][vc_tta_section i_icon_fontawesome=\u00bbfar fa-file-alt\u00bb add_icon=\u00bbtrue\u00bb title=\u00bbSolicitud\u00bb tab_id=\u00bb1679074328015-641a4d7b-8df2&#8243;]<div class=\"standard-arrow list-divider bullet-top\"><ul>\n<li><a href=\"https:\/\/www.lasgabias.es\/wp-content\/uploads\/sites\/8\/2021\/03\/Anexo-II-autorrellenable-1.pdf\" target=\"_blank\" rel=\"noopener\">Modelo de solicitud autorrellenable<\/a><\/li>\n<\/ul>\n<\/div>[\/vc_tta_section][\/vc_tta_tabs][\/vc_column][\/vc_row][vc_row][vc_column][\/vc_column][\/vc_row]<\/p>\n<\/div>","protected":false},"excerpt":{"rendered":"<p>[vc_row][vc_column][vc_empty_space height=\u00bb22px\u00bb][vc_message color=\u00bbinfo\u00bb]Estado del proceso selectivo: Resoluci\u00f3n del tribunal. PROCESO SELECTIVO FINALIZADO.[\/vc_message][vc_empty_space height=\u00bb22px\u00bb][\/vc_column][\/vc_row][vc_row][vc_column][vc_tta_tabs title_tag=\u00bbh5&#8243; style=\u00bbmodern\u00bb color=\u00bbmulled-wine\u00bb active_section=\u00bb1&#8243; title=\u00bbDocumentaci\u00f3n adjunta:\u00bb][vc_tta_section i_icon_fontawesome=\u00bbfas fa-file-pdf\u00bb add_icon=\u00bbtrue\u00bb title=\u00bbBases y anuncios\u00bb tab_id=\u00bb1679074197028-2291d4ea-5b4a\u00bb][vc_row_inner][vc_column_inner][\/vc_column_inner][\/vc_row_inner][\/vc_tta_section][vc_tta_section i_icon_fontawesome=\u00bbfar fa-file-alt\u00bb add_icon=\u00bbtrue\u00bb title=\u00bbSolicitud\u00bb tab_id=\u00bb1679074328015-641a4d7b-8df2&#8243;][\/vc_tta_section][\/vc_tta_tabs][\/vc_column][\/vc_row][vc_row][vc_column][\/vc_column][\/vc_row]<\/p>\n","protected":false},"author":141,"featured_media":0,"parent":0,"menu_order":0,"comment_status":"closed","ping_status":"closed","template":"","meta":{"_acf_changed":false,"footnotes":""},"class_list":["post-3029","page","type-page","status-publish","hentry","description-off"],"acf":[],"_links":{"self":[{"href":"https:\/\/www.lasgabias.es\/portal-transparencia\/wp-json\/wp\/v2\/pages\/3029","targetHints":{"allow":["GET"]}}],"collection":[{"href":"https:\/\/www.lasgabias.es\/portal-transparencia\/wp-json\/wp\/v2\/pages"}],"about":[{"href":"https:\/\/www.lasgabias.es\/portal-transparencia\/wp-json\/wp\/v2\/types\/page"}],"author":[{"embeddable":true,"href":"https:\/\/www.lasgabias.es\/portal-transparencia\/wp-json\/wp\/v2\/users\/141"}],"replies":[{"embeddable":true,"href":"https:\/\/www.lasgabias.es\/portal-transparencia\/wp-json\/wp\/v2\/comments?post=3029"}],"version-history":[{"count":7,"href":"https:\/\/www.lasgabias.es\/portal-transparencia\/wp-json\/wp\/v2\/pages\/3029\/revisions"}],"predecessor-version":[{"id":7317,"href":"https:\/\/www.lasgabias.es\/portal-transparencia\/wp-json\/wp\/v2\/pages\/3029\/revisions\/7317"}],"wp:attachment":[{"href":"https:\/\/www.lasgabias.es\/portal-transparencia\/wp-json\/wp\/v2\/media?parent=3029"}],"curies":[{"name":"wp","href":"https:\/\/api.w.org\/{rel}","templated":true}]}}