{"id":3541,"date":"2023-05-04T09:42:59","date_gmt":"2023-05-04T07:42:59","guid":{"rendered":"https:\/\/www.lasgabias.es\/portal-transparencia\/?page_id=3541"},"modified":"2025-04-22T14:17:51","modified_gmt":"2025-04-22T12:17:51","slug":"convocatoria-de-una-plaza-de-tecnico-de-gestion-por-promocion-interna-ope-2022","status":"publish","type":"page","link":"https:\/\/www.lasgabias.es\/portal-transparencia\/convocatoria-de-una-plaza-de-tecnico-de-gestion-por-promocion-interna-ope-2022\/","title":{"rendered":"Convocatoria de una plaza de T\u00e9cnico de Gesti\u00f3n por promoci\u00f3n interna (OPE 2022)"},"content":{"rendered":"<div class=\"wpb-content-wrapper\"><p>[vc_row][vc_column]<div id=\"ultimate-heading-541469f7b9a3cadc2\" class=\"uvc-heading ult-adjust-bottom-margin ultimate-heading-541469f7b9a3cadc2 uvc-7642  uvc-heading-default-font-sizes\" data-hspacer=\"no_spacer\"  data-halign=\"left\" style=\"text-align:left\"><div class=\"uvc-heading-spacer no_spacer\" style=\"top\"><\/div><div class=\"uvc-main-heading ult-responsive\"  data-ultimate-target='.uvc-heading.ultimate-heading-541469f7b9a3cadc2 h3'  data-responsive-json-new='{\"font-size\":\"\",\"line-height\":\"\"}' ><h3 style=\"font-weight:bold;margin-bottom:10px;\">Convocatoria de una plaza de T\u00e9cnico de Gesti\u00f3n por promoci\u00f3n interna<\/h3><\/div><div class=\"uvc-sub-heading ult-responsive\"  data-ultimate-target='.uvc-heading.ultimate-heading-541469f7b9a3cadc2 .uvc-sub-heading '  data-responsive-json-new='{\"font-size\":\"\",\"line-height\":\"\"}'  style=\"font-style:italic;font-weight:normal;margin-bottom:10px;\"><\/p>\n<p style=\"text-align: justify\">Documentaci\u00f3n relativa a las bases para provisi\u00f3n en propiedad de una plaza de T\u00e9cnico de Gesti\u00f3n, a jornada completa, vacante en la plantilla de personal funcionario del Ayuntamiento de Las Gabias, puesto de trabajo clasificado en la Escala de Administraci\u00f3n General, Subescala Gesti\u00f3n, encuadrado en el Subgrupo A2, por el procedimiento de concurso-oposici\u00f3n por promoci\u00f3n interna.<\/p>\n<p><\/div><\/div>[vc_empty_space height=\u00bb22px\u00bb][vc_message color=\u00bbinfo\u00bb css=\u00bb\u00bb]<\/p>\n<p style=\"text-align: justify\"><strong>Estado del proceso selectivo: <\/strong><\/p>\n<ul>\n<li><strong><span style=\"color: #ff0000\">Anuncio de calificaci\u00f3n definitiva y propuesta de nombramiento.<\/span><\/strong><\/li>\n<\/ul>\n<p>[\/vc_message][vc_empty_space height=\u00bb22px\u00bb][\/vc_column][\/vc_row][vc_row][vc_column][vc_tta_tabs title_tag=\u00bbh5&#8243; style=\u00bbmodern\u00bb color=\u00bbmulled-wine\u00bb active_section=\u00bb1&#8243; title=\u00bbDocumentaci\u00f3n adjunta:\u00bb][vc_tta_section i_icon_fontawesome=\u00bbfas fa-file-pdf\u00bb add_icon=\u00bbtrue\u00bb title=\u00bbBases y anuncios\u00bb tab_id=\u00bb1679074197028-2291d4ea-5b4a\u00bb][vc_row_inner][vc_column_inner]<div class=\"standard-number-list bullet-top\"><ul>\n<li><a href=\"https:\/\/www.lasgabias.es\/portal-transparencia\/wp-content\/uploads\/sites\/8\/2023\/05\/Publicacion-BOP-bases-de-1-plaza-de-Tecnico-de-Gestion.pdf\">Publicaci\u00f3n BOP bases de 1 plaza de T\u00e9cnico de Gesti\u00f3n<\/a><\/li>\n<li><a href=\"https:\/\/www.lasgabias.es\/portal-transparencia\/wp-content\/uploads\/sites\/8\/2023\/05\/Publicacion-BOJA-1-plaza-de-Tecnico-de-Gestion.pdf\">Publicaci\u00f3n BOJA 1 plaza de T\u00e9cnico de Gesti\u00f3n<\/a><\/li>\n<li><a href=\"https:\/\/www.lasgabias.es\/portal-transparencia\/wp-content\/uploads\/sites\/8\/2023\/05\/Publicacion-BOE-1-plaza-Tecnico-de-Gestion.pdf\">Publicaci\u00f3n BOE 1 plaza T\u00e9cnico de Gesti\u00f3n<\/a><\/li>\n<li><strong>21\/03\/2024<\/strong> <a href=\"https:\/\/www.lasgabias.es\/portal-transparencia\/wp-content\/uploads\/sites\/8\/2024\/03\/ANUNCIO-LISTADO-PROVISIONAL-ADMITIDOS-EXCLUIDOS-TECNICO-GESTION.pdf\" target=\"_blank\" rel=\"noopener\">Anuncio listado provisional admitidos\/as y excluidos\/as de una plaza de T\u00e9cnico de Gesti\u00f3n<\/a><\/li>\n<li><strong>25\/02\/2025<\/strong> <a href=\"https:\/\/www.lasgabias.es\/portal-transparencia\/wp-content\/uploads\/sites\/8\/2025\/02\/Publicacion-BOP-listado-defitivo-con-fecha-examen-y-valoracion-concurso-Tecnico-de-gestion.pdf\">Publicaci\u00f3n BOP listado defitivo con fecha examen y valoraci\u00f3n concurso T\u00e9cnico de gesti\u00f3n<\/a><\/li>\n<li><strong>26\/02\/2025<\/strong> <a href=\"https:\/\/www.lasgabias.es\/portal-transparencia\/wp-content\/uploads\/sites\/8\/2025\/02\/ANUNCIO-NORMAS-FUNCIONAMIENTO-TRIBUNAL-TG.pdf\" target=\"_blank\" rel=\"noopener\">Anuncio de las normas de funcionamiento del Tribunal<\/a><\/li>\n<li><strong>27\/02\/2025<\/strong> <a href=\"https:\/\/www.lasgabias.es\/portal-transparencia\/wp-content\/uploads\/sites\/8\/2025\/02\/02-ANUNCIO-VALORACION-PROVISIONAL-FASE-CONCURSO.pdf\" target=\"_blank\" rel=\"noopener\">Anuncio de la valoraci\u00f3n provisional de la Fase de Concurso<\/a><\/li>\n<li><strong>06\/02\/2025<\/strong> <a href=\"https:\/\/www.lasgabias.es\/portal-transparencia\/wp-content\/uploads\/sites\/8\/2025\/03\/03-ANUNCIO-RESOLUCION-FASE-CONCURSO.pdf\" target=\"_blank\" rel=\"noopener\">Anuncio de la resoluci\u00f3n de la Fase de Concurso<\/a><\/li>\n<li><strong>11\/03\/2025<\/strong> <a href=\"https:\/\/www.lasgabias.es\/portal-transparencia\/wp-content\/uploads\/sites\/8\/2025\/03\/04-ANUNCIO-APROBACION-DEFINITIVA-FASE-CONCURSO.pdf\" target=\"_blank\" rel=\"noopener\">Anuncio aprobaci\u00f3n definitiva Fase Concurso<\/a><\/li>\n<li><strong>13\/02\/2025<\/strong> <a href=\"https:\/\/www.lasgabias.es\/portal-transparencia\/wp-content\/uploads\/sites\/8\/2025\/03\/05-ANUNCIO-PLANTILLA-PROVISIONAL-.pdf\" target=\"_blank\" rel=\"noopener\">Anuncio de la plantilla de correcci\u00f3n del ejercicio con respuestas alternativas.<\/a><\/li>\n<li><strong>28\/03\/2025<\/strong> <a href=\"https:\/\/www.lasgabias.es\/portal-transparencia\/wp-content\/uploads\/sites\/8\/2025\/03\/06-ANUNCIO-PUNTUACIONES-PROVISIONALES-TIPO-TEST-Y-FECHA-SEGUNDO-EJERCICIO.pdf\" target=\"_blank\" rel=\"noopener\">Anuncio puntuaciones provisionales Tipo Test y fecha segundo ejercicio<\/a><\/li>\n<li><strong>10\/04\/2025<\/strong> <a href=\"https:\/\/www.lasgabias.es\/portal-transparencia\/wp-content\/uploads\/sites\/8\/2025\/04\/07_ANUNCIO-CALIFICACION-PROV-2o-EJERCICIO_signed.pdf\" target=\"_blank\" rel=\"noopener\">Anuncio calificaci\u00f3n provisional segundo ejercicio<\/a><\/li>\n<li><strong>22\/04\/2025<\/strong> <a href=\"https:\/\/www.lasgabias.es\/portal-transparencia\/wp-content\/uploads\/sites\/8\/2025\/04\/ANUNCIO-CALIFICACION-DEFINITIVA-Y-PROPUESTA-DE-NOMBRAMIENTO.pdf\" target=\"_blank\" rel=\"noopener\">Anuncio de calificaci\u00f3n definitiva y propuesta de nombramiento.<\/a><\/li>\n<\/ul>\n<\/div>[\/vc_column_inner][\/vc_row_inner][\/vc_tta_section][vc_tta_section i_icon_fontawesome=\u00bbfar fa-edit\u00bb add_icon=\u00bbtrue\u00bb title=\u00bbPlazo Presentaci\u00f3n de Solicitudes\u00bb tab_id=\u00bb1679508176256-9e937d96-1ce5&#8243;][vc_column_text]<\/p>\n<p align=\"justify\">El plazo para presentar las solicitudes ser\u00e1 de veinte d\u00edas h\u00e1biles, a contar desde el siguiente en que aparezca el extracto de la convocatoria del proceso selectivo en el Bolet\u00edn Oficial del Estado (BOE).<\/p>\n<ul>\n<li>Plazo de presentaci\u00f3n de solicitudes desde el 5 de mayo al 1 de junio ambos inclusive <strong>(CERRADO<\/strong>)<\/li>\n<\/ul>\n<p>[\/vc_column_text][\/vc_tta_section][vc_tta_section i_icon_fontawesome=\u00bbfar fa-file-alt\u00bb add_icon=\u00bbtrue\u00bb title=\u00bbSolicitud\u00bb tab_id=\u00bb1679074328015-641a4d7b-8df2&#8243;]<div class=\"standard-arrow list-divider bullet-top\"><ul>\n<li><a href=\"https:\/\/www.lasgabias.es\/portal-transparencia\/wp-content\/uploads\/sites\/8\/2023\/05\/Anexo-II-TECNICO-DE-GESTION-Autorrellenable.pdf\" target=\"_blank\" rel=\"noopener\">Solicitud Anexo II ( autorellenable)<\/a><\/li>\n<\/ul>\n<\/div>[\/vc_tta_section][\/vc_tta_tabs][\/vc_column][\/vc_row][vc_row][vc_column][\/vc_column][\/vc_row]<\/p>\n<\/div>","protected":false},"excerpt":{"rendered":"<p>[vc_row][vc_column][vc_empty_space height=\u00bb22px\u00bb][vc_message color=\u00bbinfo\u00bb css=\u00bb\u00bb] Estado del proceso selectivo: Anuncio de calificaci\u00f3n definitiva y propuesta de nombramiento. [\/vc_message][vc_empty_space height=\u00bb22px\u00bb][\/vc_column][\/vc_row][vc_row][vc_column][vc_tta_tabs title_tag=\u00bbh5&#8243; style=\u00bbmodern\u00bb color=\u00bbmulled-wine\u00bb active_section=\u00bb1&#8243; title=\u00bbDocumentaci\u00f3n adjunta:\u00bb][vc_tta_section i_icon_fontawesome=\u00bbfas fa-file-pdf\u00bb add_icon=\u00bbtrue\u00bb title=\u00bbBases y anuncios\u00bb tab_id=\u00bb1679074197028-2291d4ea-5b4a\u00bb][vc_row_inner][vc_column_inner][\/vc_column_inner][\/vc_row_inner][\/vc_tta_section][vc_tta_section i_icon_fontawesome=\u00bbfar fa-edit\u00bb add_icon=\u00bbtrue\u00bb title=\u00bbPlazo Presentaci\u00f3n de Solicitudes\u00bb tab_id=\u00bb1679508176256-9e937d96-1ce5&#8243;][vc_column_text] El plazo para presentar las solicitudes ser\u00e1 de veinte d\u00edas h\u00e1biles, a contar desde el siguiente&hellip;<\/p>\n","protected":false},"author":141,"featured_media":0,"parent":0,"menu_order":0,"comment_status":"closed","ping_status":"closed","template":"","meta":{"_acf_changed":false,"footnotes":""},"class_list":["post-3541","page","type-page","status-publish","hentry","description-off"],"acf":[],"_links":{"self":[{"href":"https:\/\/www.lasgabias.es\/portal-transparencia\/wp-json\/wp\/v2\/pages\/3541","targetHints":{"allow":["GET"]}}],"collection":[{"href":"https:\/\/www.lasgabias.es\/portal-transparencia\/wp-json\/wp\/v2\/pages"}],"about":[{"href":"https:\/\/www.lasgabias.es\/portal-transparencia\/wp-json\/wp\/v2\/types\/page"}],"author":[{"embeddable":true,"href":"https:\/\/www.lasgabias.es\/portal-transparencia\/wp-json\/wp\/v2\/users\/141"}],"replies":[{"embeddable":true,"href":"https:\/\/www.lasgabias.es\/portal-transparencia\/wp-json\/wp\/v2\/comments?post=3541"}],"version-history":[{"count":29,"href":"https:\/\/www.lasgabias.es\/portal-transparencia\/wp-json\/wp\/v2\/pages\/3541\/revisions"}],"predecessor-version":[{"id":7149,"href":"https:\/\/www.lasgabias.es\/portal-transparencia\/wp-json\/wp\/v2\/pages\/3541\/revisions\/7149"}],"wp:attachment":[{"href":"https:\/\/www.lasgabias.es\/portal-transparencia\/wp-json\/wp\/v2\/media?parent=3541"}],"curies":[{"name":"wp","href":"https:\/\/api.w.org\/{rel}","templated":true}]}}