{"id":4890,"date":"2024-01-25T09:02:37","date_gmt":"2024-01-25T08:02:37","guid":{"rendered":"https:\/\/www.lasgabias.es\/portal-transparencia\/?page_id=4890"},"modified":"2025-10-17T09:10:59","modified_gmt":"2025-10-17T07:10:59","slug":"declaracion-bienes-y-derechos-patrimoniales-corporacion-2023-2027","status":"publish","type":"page","link":"https:\/\/www.lasgabias.es\/portal-transparencia\/informacion-institucional\/declaracion-bienes-y-derechos-patrimoniales-corporacion-2023-2027\/","title":{"rendered":"Declaraci\u00f3n bienes y derechos patrimoniales Corporaci\u00f3n 2023-2027"},"content":{"rendered":"<div class=\"wpb-content-wrapper\"><p>[vc_row][vc_column][vc_tta_accordion section_title_tag=\u00bbh5&#8243; style=\u00bbmodern\u00bb shape=\u00bbsquare\u00bb spacing=\u00bb1&#8243; gap=\u00bb1&#8243; c_icon=\u00bb\u00bb active_section=\u00bb\u00bb collapsible_all=\u00bbtrue\u00bb][vc_tta_section i_icon_fontawesome=\u00bbfar fa-folder\u00bb add_icon=\u00bbtrue\u00bb title=\u00bbM\u00aa Merinda S\u00e1daba Terribas (PP)\u00bb tab_id=\u00bb1663928788231-1fd7be99-144c\u00bb][vc_column_text css=\u00bb\u00bb]<\/p>\n<ul>\n<li style=\"list-style-type: none;\">\n<ul>\n<li><a href=\"https:\/\/www.lasgabias.es\/portal-transparencia\/wp-content\/uploads\/sites\/8\/2024\/01\/PP_2023_2027_DB_inicial_M.Merinda-Sadaba-Terribas.pdf\" target=\"_blank\" rel=\"noopener\">Declaraci\u00f3n inicial<\/a><\/li>\n<li><a href=\"https:\/\/www.lasgabias.es\/portal-transparencia\/wp-content\/uploads\/sites\/8\/2024\/12\/Maria-Merinda-Sadaba-Terribas_DB-ANUAL_f_censurado.pdf\" target=\"_blank\" rel=\"noopener\">Anual 2024<\/a><\/li>\n<li><a href=\"https:\/\/www.lasgabias.es\/portal-transparencia\/wp-content\/uploads\/sites\/8\/2025\/10\/DB-2025-MERINDA-SADABA_censurado.pdf\" target=\"_blank\" rel=\"noopener\">Anual 2025<\/a><\/li>\n<\/ul>\n<\/li>\n<\/ul>\n<p>[\/vc_column_text][\/vc_tta_section][vc_tta_section i_icon_fontawesome=\u00bbfar fa-folder\u00bb add_icon=\u00bbtrue\u00bb title=\u00bbJavier Bravo S\u00e1nchez (PP)\u00bb tab_id=\u00bb1663928813361-16e9ed73-7ffa\u00bb][vc_column_text css=\u00bb\u00bb]<\/p>\n<ul>\n<li><a href=\"https:\/\/www.lasgabias.es\/portal-transparencia\/wp-content\/uploads\/sites\/8\/2024\/01\/PP_2023_2027_DB_inicial_Javier-Bravo-Sanchez.pdf\" target=\"_blank\" rel=\"noopener\">Declaraci\u00f3n inicial<\/a><\/li>\n<li><a href=\"https:\/\/www.lasgabias.es\/portal-transparencia\/wp-content\/uploads\/sites\/8\/2024\/12\/Javier-Bravo-Sanchez_DB-ANUAL_f_censurado.pdf\" target=\"_blank\" rel=\"noopener\">Anual 2024<\/a><\/li>\n<li><a href=\"https:\/\/www.lasgabias.es\/portal-transparencia\/wp-content\/uploads\/sites\/8\/2025\/10\/DB-2025-JAVIER-BRAVO_censurado.pdf\" target=\"_blank\" rel=\"noopener\">Anual 2025<\/a><\/li>\n<\/ul>\n<p>[\/vc_column_text][\/vc_tta_section][vc_tta_section i_icon_fontawesome=\u00bbfar fa-folder\u00bb add_icon=\u00bbtrue\u00bb title=\u00bbMar\u00eda del Carmen Viceira D\u00edaz (PP)\u00bb tab_id=\u00bb1663933325607-43ce68a3-0c1d\u00bb][vc_column_text css=\u00bb\u00bb]<\/p>\n<ul>\n<li><a href=\"https:\/\/www.lasgabias.es\/portal-transparencia\/wp-content\/uploads\/sites\/8\/2024\/01\/PP_2023_2027_DB_inicial_MdelCarmen-Viceira-Diaz.pdf\" target=\"_blank\" rel=\"noopener\">Declaraci\u00f3n inicial<\/a><\/li>\n<li><a href=\"https:\/\/www.lasgabias.es\/portal-transparencia\/wp-content\/uploads\/sites\/8\/2024\/12\/Ma-Carmen-Viceira-Diaz_DB-ANUAL_f_censurado.pdf\" target=\"_blank\" rel=\"noopener\">Anual 2024<\/a><\/li>\n<li><a href=\"https:\/\/www.lasgabias.es\/portal-transparencia\/wp-content\/uploads\/sites\/8\/2025\/10\/DB-2025-CARMEN-VICEIRA_censurado.pdf\" target=\"_blank\" rel=\"noopener\">Anual 2025<\/a><\/li>\n<\/ul>\n<p>[\/vc_column_text][\/vc_tta_section][vc_tta_section i_icon_fontawesome=\u00bbfar fa-folder\u00bb add_icon=\u00bbtrue\u00bb title=\u00bbMariano Delgado Beltr\u00e1n (PP)\u00bb tab_id=\u00bb1663928844842-83a68ef5-5ad0&#8243;][vc_column_text css=\u00bb\u00bb]<\/p>\n<ul>\n<li><a href=\"https:\/\/www.lasgabias.es\/portal-transparencia\/wp-content\/uploads\/sites\/8\/2024\/01\/PP_2023_2027_DB_inicial_Mariano-Delgado-Beltran.pdf\" target=\"_blank\" rel=\"noopener\">Declaraci\u00f3n inicial<\/a><\/li>\n<li><a href=\"https:\/\/www.lasgabias.es\/portal-transparencia\/wp-content\/uploads\/sites\/8\/2024\/12\/Mariano-Delgado-Beltran_DB-ANUAL_f_censurado.pdf\" target=\"_blank\" rel=\"noopener\">Anual 2024<\/a><\/li>\n<li><a href=\"https:\/\/www.lasgabias.es\/portal-transparencia\/wp-content\/uploads\/sites\/8\/2025\/10\/DB-MARIANO-DELGADO_censurado.pdf\">Anual 2025<\/a><\/li>\n<\/ul>\n<p>[\/vc_column_text][\/vc_tta_section][vc_tta_section i_icon_fontawesome=\u00bbfar fa-folder\u00bb add_icon=\u00bbtrue\u00bb title=\u00bbCristina Mar\u00eda Moreno Ayuso (PP)\u00bb tab_id=\u00bb1663928858810-160410b9-317e\u00bb][vc_column_text css=\u00bb\u00bb]<\/p>\n<ul>\n<li><a href=\"https:\/\/www.lasgabias.es\/portal-transparencia\/wp-content\/uploads\/sites\/8\/2024\/01\/PP_2023_2027_DB_inicial_Cristina-Maria-Moreno-Ayuso.pdf\" target=\"_blank\" rel=\"noopener\">Declaraci\u00f3n inicial<\/a><\/li>\n<li><a href=\"https:\/\/www.lasgabias.es\/portal-transparencia\/wp-content\/uploads\/sites\/8\/2024\/12\/Cristina-Maria-Ayuso-Moreno_DB-ANUAL_f_censurado.pdf\" target=\"_blank\" rel=\"noopener\">Anual 2024<\/a><\/li>\n<li><a href=\"https:\/\/www.lasgabias.es\/portal-transparencia\/wp-content\/uploads\/sites\/8\/2025\/10\/DB-2025-CRISTINA-MORENO_censurado.pdf\" target=\"_blank\" rel=\"noopener\">Anual 2025<\/a><\/li>\n<\/ul>\n<p>[\/vc_column_text][\/vc_tta_section][vc_tta_section i_icon_fontawesome=\u00bbfar fa-folder\u00bb add_icon=\u00bbtrue\u00bb title=\u00bbFernando L\u00f3pez L\u00f3pez (PP)\u00bb tab_id=\u00bb1663928788251-553cfba4-b8b7&#8243;][vc_column_text css=\u00bb\u00bb]<\/p>\n<ul>\n<li><a href=\"https:\/\/www.lasgabias.es\/portal-transparencia\/wp-content\/uploads\/sites\/8\/2024\/01\/PP_2023_2027_DB_inicial_Fernando-Lopez-Lopez.pdf\" target=\"_blank\" rel=\"noopener\">Declaraci\u00f3n inicial<\/a><\/li>\n<li><a href=\"https:\/\/www.lasgabias.es\/portal-transparencia\/wp-content\/uploads\/sites\/8\/2024\/12\/Fernando-Lopez-Lopez_DB-ANUAL_f_censurado.pdf\" target=\"_blank\" rel=\"noopener\">Anual 2024<\/a><\/li>\n<li><a href=\"https:\/\/www.lasgabias.es\/portal-transparencia\/wp-content\/uploads\/sites\/8\/2025\/10\/DB-2025-FERNANDO-LOPEZ_censurado.pdf\" target=\"_blank\" rel=\"noopener\">Anual 2025<\/a><\/li>\n<\/ul>\n<p>[\/vc_column_text][\/vc_tta_section][vc_tta_section i_icon_fontawesome=\u00bbfar fa-folder\u00bb add_icon=\u00bbtrue\u00bb title=\u00bbDaniel Casares Carrillo (PP)\u00bb tab_id=\u00bb1663928893705-b6b404fe-8258&#8243;][vc_column_text css=\u00bb\u00bb]<\/p>\n<ul>\n<li><a href=\"https:\/\/www.lasgabias.es\/portal-transparencia\/wp-content\/uploads\/sites\/8\/2024\/01\/PP_2023_2027_DB_inicial_Daniel-Casares-Carrillo.pdf\" target=\"_blank\" rel=\"noopener\">Declaraci\u00f3n inicial<\/a><\/li>\n<li><a href=\"https:\/\/www.lasgabias.es\/portal-transparencia\/wp-content\/uploads\/sites\/8\/2024\/12\/Daniel-Casares-Carrillo_DB-anual_censurado.pdf\" target=\"_blank\" rel=\"noopener\">Anual 2024<\/a><\/li>\n<li><a href=\"https:\/\/www.lasgabias.es\/portal-transparencia\/wp-content\/uploads\/sites\/8\/2025\/10\/DB-2025-DANIEL-CASARES_censurado.pdf\" target=\"_blank\" rel=\"noopener\">Anual 2025<\/a><\/li>\n<\/ul>\n<p>[\/vc_column_text][\/vc_tta_section][vc_tta_section i_icon_fontawesome=\u00bbfar fa-folder\u00bb add_icon=\u00bbtrue\u00bb title=\u00bbAbraham Guerrero Rinc\u00f3n (PP)\u00bb tab_id=\u00bb1663928998614-7ac76d49-face\u00bb][vc_column_text css=\u00bb\u00bb]<\/p>\n<ul>\n<li><a href=\"https:\/\/www.lasgabias.es\/portal-transparencia\/wp-content\/uploads\/sites\/8\/2024\/01\/PP_2023_2027_DB_inicial_Abraham-Guerrero-Rincon.pdf\" target=\"_blank\" rel=\"noopener\">Declaraci\u00f3n inicial<\/a><\/li>\n<li><a href=\"https:\/\/www.lasgabias.es\/portal-transparencia\/wp-content\/uploads\/sites\/8\/2024\/12\/Abraham-Guerrero-Rincon_DB-ANUAL_f_censurado.pdf\" target=\"_blank\" rel=\"noopener\">Anual 2024<\/a><\/li>\n<li><a href=\"https:\/\/www.lasgabias.es\/portal-transparencia\/wp-content\/uploads\/sites\/8\/2025\/10\/DB-2025-ABRAHAM-GUERRERO_censurado.pdf\" target=\"_blank\" rel=\"noopener\">Anual 2025<\/a><\/li>\n<\/ul>\n<p>[\/vc_column_text][\/vc_tta_section][vc_tta_section i_icon_fontawesome=\u00bbfar fa-folder\u00bb add_icon=\u00bbtrue\u00bb title=\u00bbInmaculada Paloma L\u00f3pez Garc\u00eda (PP)\u00bb tab_id=\u00bb1663929009598-b88f1928-ca04&#8243;][vc_column_text css=\u00bb\u00bb]<\/p>\n<ul>\n<li><a href=\"https:\/\/www.lasgabias.es\/portal-transparencia\/wp-content\/uploads\/sites\/8\/2024\/01\/PP_2023_2027_DB_inicial_I.Paloma-Lopez-Garcia.pdf\" target=\"_blank\" rel=\"noopener\">Declaraci\u00f3n inicial<\/a><\/li>\n<li><a href=\"https:\/\/www.lasgabias.es\/portal-transparencia\/wp-content\/uploads\/sites\/8\/2024\/11\/INMACULADA-PALOMA-LOPEZ-GARCIA_f_censurado.pdf\" target=\"_blank\" rel=\"noopener\">Anual 2024<\/a><\/li>\n<li><a href=\"https:\/\/www.lasgabias.es\/portal-transparencia\/wp-content\/uploads\/sites\/8\/2025\/10\/DB-2025-PALOMA-LOPEZ_censurado.pdf\" target=\"_blank\" rel=\"noopener\">Anual 2025<\/a><\/li>\n<\/ul>\n<p>[\/vc_column_text][\/vc_tta_section][vc_tta_section i_icon_fontawesome=\u00bbfar fa-folder\u00bb add_icon=\u00bbtrue\u00bb title=\u00bbMiriam Ramos Fern\u00e1ndez (PP)\u00bb tab_id=\u00bb1663929932627-270f7fd6-2b97&#8243;][vc_column_text css=\u00bb\u00bb]<\/p>\n<ul>\n<li><a href=\"https:\/\/www.lasgabias.es\/portal-transparencia\/wp-content\/uploads\/sites\/8\/2024\/01\/PP_2023_2027_DB_inicial_Miriam-Ramos-Fernandez.pdf\" target=\"_blank\" rel=\"noopener\">Declaraci\u00f3n inicial<\/a><\/li>\n<li><a href=\"https:\/\/www.lasgabias.es\/portal-transparencia\/wp-content\/uploads\/sites\/8\/2024\/12\/Miriam-Ramos-Fernandez_DB-ANUAL_f_censurado.pdf\" target=\"_blank\" rel=\"noopener\">Anual 2024<\/a><\/li>\n<li><a href=\"https:\/\/www.lasgabias.es\/portal-transparencia\/wp-content\/uploads\/sites\/8\/2025\/10\/DB-MIRIAM_censurado.pdf\" target=\"_blank\" rel=\"noopener\">Anual 2025<\/a><\/li>\n<\/ul>\n<p>[\/vc_column_text][\/vc_tta_section][vc_tta_section i_icon_fontawesome=\u00bbfar fa-folder\u00bb add_icon=\u00bbtrue\u00bb title=\u00bbSebasti\u00e1n Pert\u00ed\u00f1ez Reyes (PP)\u00bb tab_id=\u00bb1663929606128-10650b3f-1f2f\u00bb][vc_column_text css=\u00bb\u00bb]<\/p>\n<ul>\n<li><a href=\"https:\/\/www.lasgabias.es\/portal-transparencia\/wp-content\/uploads\/sites\/8\/2024\/01\/PP_2023_2027_DB_inicial_Sebastian-Pertinez-Reyes.pdf\" target=\"_blank\" rel=\"noopener\">Declaraci\u00f3n inicial<\/a><\/li>\n<li><a href=\"https:\/\/www.lasgabias.es\/portal-transparencia\/wp-content\/uploads\/sites\/8\/2024\/12\/Sebastian-Pertinez-Reyes_DB-ANUAL_f_censurado.pdf\" target=\"_blank\" rel=\"noopener\">Anual 2024<\/a><\/li>\n<li><a href=\"https:\/\/www.lasgabias.es\/portal-transparencia\/wp-content\/uploads\/sites\/8\/2025\/10\/DB-2025-SEBASTIAN-PERTINEZ_censurado.pdf\" target=\"_blank\" rel=\"noopener\">Anual 2025<\/a><\/li>\n<\/ul>\n<p>[\/vc_column_text][\/vc_tta_section][vc_tta_section i_icon_fontawesome=\u00bbfar fa-folder\u00bb add_icon=\u00bbtrue\u00bb title=\u00bbSonia Moreno Delgado (PP)\u00bb tab_id=\u00bb1663929621678-875ef48c-ff06&#8243;][vc_column_text css=\u00bb\u00bb]<\/p>\n<ul>\n<li><a href=\"https:\/\/www.lasgabias.es\/portal-transparencia\/wp-content\/uploads\/sites\/8\/2024\/01\/PP_2023_2027_DB_inicial_Sonia-Moreno-Delgado.pdf\" target=\"_blank\" rel=\"noopener\">Declaraci\u00f3n inicial<\/a><\/li>\n<li><a href=\"https:\/\/www.lasgabias.es\/portal-transparencia\/wp-content\/uploads\/sites\/8\/2024\/12\/Sonia-Moreno-Delgado_DB-ANUAL_f_censurado.pdf\" target=\"_blank\" rel=\"noopener\">Anual 2024<\/a><\/li>\n<li><a href=\"https:\/\/www.lasgabias.es\/portal-transparencia\/wp-content\/uploads\/sites\/8\/2025\/10\/DB-2025-SONIA-MORENO_censurado.pdf\" target=\"_blank\" rel=\"noopener\">Anual 2025<\/a><\/li>\n<\/ul>\n<p>[\/vc_column_text][\/vc_tta_section][vc_tta_section i_icon_fontawesome=\u00bbfar fa-folder\u00bb add_icon=\u00bbtrue\u00bb title=\u00bbSamuel Garc\u00eda Medina (PSOE)\u00bb tab_id=\u00bb1674822197100-0b6a4cca-e4e0&#8243;][vc_column_text css=\u00bb\u00bb]<\/p>\n<ul>\n<li><a href=\"https:\/\/www.lasgabias.es\/portal-transparencia\/wp-content\/uploads\/sites\/8\/2024\/01\/PSOE_2023_2027_DB_inicial_Samuel-Garcia-Medina.pdf\" target=\"_blank\" rel=\"noopener\">Declaraci\u00f3n inicial<\/a><\/li>\n<li><a href=\"https:\/\/www.lasgabias.es\/portal-transparencia\/wp-content\/uploads\/sites\/8\/2024\/12\/Samuel-Garcia-Medina_DB-ANUAL_f_censurado.pdf\" target=\"_blank\" rel=\"noopener\">Anual 2024<\/a><\/li>\n<li><a href=\"https:\/\/www.lasgabias.es\/portal-transparencia\/wp-content\/uploads\/sites\/8\/2025\/08\/DB-FINAL-SAMUEL_1_censurado.pdf\" target=\"_blank\" rel=\"noopener\">Final por renuncia<\/a><\/li>\n<\/ul>\n<p>[\/vc_column_text][\/vc_tta_section][vc_tta_section i_icon_fontawesome=\u00bbfar fa-folder\u00bb add_icon=\u00bbtrue\u00bb title=\u00bbIldefonso Guti\u00e9rrez Torres (PSOE)\u00bb tab_id=\u00bb1663929632585-2d1c123f-f91f\u00bb][vc_column_text css=\u00bb\u00bb]<\/p>\n<ul>\n<li><a href=\"https:\/\/www.lasgabias.es\/portal-transparencia\/wp-content\/uploads\/sites\/8\/2024\/01\/PSOE_2023_2027_DB_inicial-Ildefonso-Gutierrez.pdf\" target=\"_blank\" rel=\"noopener\">Declaraci\u00f3n inicial<\/a><\/li>\n<li><a href=\"https:\/\/www.lasgabias.es\/portal-transparencia\/wp-content\/uploads\/sites\/8\/2024\/12\/Ildefonso-Gutierrez-Torres_DB-ANUAL_f_censurado.pdf\" target=\"_blank\" rel=\"noopener\">Anual 2024<\/a><\/li>\n<li><a href=\"https:\/\/www.lasgabias.es\/portal-transparencia\/wp-content\/uploads\/sites\/8\/2025\/10\/DB-2025-ILDEFONSO-GUTIERREZ_censurado.pdf\" target=\"_blank\" rel=\"noopener\">Anual 2025<\/a><\/li>\n<\/ul>\n<p>[\/vc_column_text][\/vc_tta_section][vc_tta_section i_icon_fontawesome=\u00bbfar fa-folder\u00bb add_icon=\u00bbtrue\u00bb title=\u00bbFidel Guerrero Garc\u00eda (PSOE)\u00bb tab_id=\u00bb1663929648015-f7c5e7bd-d3f6&#8243;][vc_column_text css=\u00bb\u00bb]<\/p>\n<ul>\n<li><a href=\"https:\/\/www.lasgabias.es\/portal-transparencia\/wp-content\/uploads\/sites\/8\/2024\/01\/PSOE_2023_2027_DB_inicial_Fidel-Guerrero-Garcia.pdf\" target=\"_blank\" rel=\"noopener\">Declaraci\u00f3n inicial<\/a><\/li>\n<li><a href=\"https:\/\/www.lasgabias.es\/portal-transparencia\/wp-content\/uploads\/sites\/8\/2024\/12\/Fidel-Guerrero-Garcia_DB-ANUAL_f_censurado.pdf\" target=\"_blank\" rel=\"noopener\">Anual 2024<\/a><\/li>\n<li><a href=\"https:\/\/www.lasgabias.es\/portal-transparencia\/wp-content\/uploads\/sites\/8\/2025\/10\/DB-FIDEL_censurado.pdf\" target=\"_blank\" rel=\"noopener\">Anual 2025<\/a><\/li>\n<\/ul>\n<p>[\/vc_column_text][\/vc_tta_section][vc_tta_section i_icon_fontawesome=\u00bbfar fa-folder\u00bb add_icon=\u00bbtrue\u00bb title=\u00bbFrancisco Nogueras Canalejo (PSOE)\u00bb tab_id=\u00bb1663929663939-19357b80-0038&#8243;][vc_column_text css=\u00bb\u00bb]<\/p>\n<ul>\n<li><a href=\"https:\/\/www.lasgabias.es\/portal-transparencia\/wp-content\/uploads\/sites\/8\/2024\/01\/PSOE_2023_2027_DB_inicial_Francisco-Nogueras-Canalejo.pdf\" target=\"_blank\" rel=\"noopener\">Declaraci\u00f3n inicial<\/a><\/li>\n<li><a href=\"https:\/\/www.lasgabias.es\/portal-transparencia\/wp-content\/uploads\/sites\/8\/2024\/12\/Francisco-Nogueras-Canalejo_DB-ANUAL_f_censurado.pdf\" target=\"_blank\" rel=\"noopener\">Anual 2024<\/a><\/li>\n<li><a href=\"https:\/\/www.lasgabias.es\/portal-transparencia\/wp-content\/uploads\/sites\/8\/2025\/10\/DB-2025-FRANCISCO-NOGUERAS_censurado.pdf\" target=\"_blank\" rel=\"noopener\">Anual 2025<\/a><\/li>\n<\/ul>\n<p>[\/vc_column_text][\/vc_tta_section][vc_tta_section i_icon_fontawesome=\u00bbfar fa-folder\u00bb add_icon=\u00bbtrue\u00bb title=\u00bbGemma Guardia Rodr\u00edguez (PSOE)\u00bb tab_id=\u00bb1663929673784-1245d8f7-5dc1&#8243;][vc_column_text css=\u00bb\u00bb]<\/p>\n<ul>\n<li><a href=\"https:\/\/www.lasgabias.es\/portal-transparencia\/wp-content\/uploads\/sites\/8\/2024\/03\/PSOE_2024_DB_inicial_Gemma-Guardia_censurado.pdf\" target=\"_blank\" rel=\"noopener\">Declaraci\u00f3n inicial<\/a><\/li>\n<li><a href=\"https:\/\/www.lasgabias.es\/portal-transparencia\/wp-content\/uploads\/sites\/8\/2024\/12\/Gemma-Guardia-Rodriguez_DB-anual_censurado.pdf\" target=\"_blank\" rel=\"noopener\">Anual 2024<\/a><\/li>\n<li><a href=\"https:\/\/www.lasgabias.es\/portal-transparencia\/wp-content\/uploads\/sites\/8\/2025\/10\/DB-2025_GEMMA-GUARDIA-diligenciada_censurado.pdf\" target=\"_blank\" rel=\"noopener\">Anual 2025<\/a><\/li>\n<\/ul>\n<p>[\/vc_column_text][\/vc_tta_section][vc_tta_section i_icon_fontawesome=\u00bbfar fa-folder\u00bb add_icon=\u00bbtrue\u00bb title=\u00bbMar\u00eda Olimpia Ben\u00edtez Arrabal (PSOE)\u00bb tab_id=\u00bb1663929702464-0fc263c5-527d\u00bb][vc_column_text css=\u00bb\u00bb]<\/p>\n<ul>\n<li><a href=\"https:\/\/www.lasgabias.es\/portal-transparencia\/wp-content\/uploads\/sites\/8\/2024\/01\/PSOE_2023_2027_DB_inicial_M.Olimpia-Benitez-Arrabal.pdf\" target=\"_blank\" rel=\"noopener\">Declaraci\u00f3n inicial<\/a><\/li>\n<li><a href=\"https:\/\/www.lasgabias.es\/portal-transparencia\/wp-content\/uploads\/sites\/8\/2024\/12\/Maria-Olimpia-Benitez-Arrabal_DB-ANUAL_f_censurado.pdf\" target=\"_blank\" rel=\"noopener\">Anual 2024<\/a><\/li>\n<li><a href=\"https:\/\/www.lasgabias.es\/portal-transparencia\/wp-content\/uploads\/sites\/8\/2025\/10\/DB-2025-OLIMPIA-BENITEZ_censurado.pdf\" target=\"_blank\" rel=\"noopener\">Anual 2025<\/a><\/li>\n<\/ul>\n<p>[\/vc_column_text][\/vc_tta_section][vc_tta_section i_icon_fontawesome=\u00bbfar fa-folder\u00bb add_icon=\u00bbtrue\u00bb title=\u00bbNoem\u00ed Ariza Rodr\u00edguez (PSOE)\u00bb tab_id=\u00bb1663929694880-eb7229a3-ae3a\u00bb][vc_column_text css=\u00bb\u00bb]<\/p>\n<ul>\n<li><a href=\"https:\/\/www.lasgabias.es\/portal-transparencia\/wp-content\/uploads\/sites\/8\/2024\/01\/PSOE_2023_2027_DB_inicial_Noemi-Ariza-Rodriguez.pdf\" target=\"_blank\" rel=\"noopener\">Declaraci\u00f3n inicial<\/a><\/li>\n<li><a href=\"https:\/\/www.lasgabias.es\/portal-transparencia\/wp-content\/uploads\/sites\/8\/2024\/12\/Noemi-Ariza-Rodriguez_DB-ANUAL_f_censurado.pdf\" target=\"_blank\" rel=\"noopener\">Anual 2024<\/a><\/li>\n<li><a href=\"https:\/\/www.lasgabias.es\/portal-transparencia\/wp-content\/uploads\/sites\/8\/2025\/04\/DB_final_cese-2025-Noemi-Ariza-Rodriguez_censurado.pdf\" target=\"_blank\" rel=\"noopener\">Final por renuncia<\/a><\/li>\n<\/ul>\n<p>[\/vc_column_text][\/vc_tta_section][vc_tta_section i_icon_fontawesome=\u00bbfa fa-regular fa-folder\u00bb add_icon=\u00bbtrue\u00bb title=\u00bbLaura Jim\u00e9nez Garc\u00eda (PSOE)\u00bb tab_id=\u00bb1757068268314-56034692-41f1&#8243;][vc_column_text css=\u00bb\u00bb]<\/p>\n<ul>\n<li><a href=\"\/portal-transparencia\/wp-content\/uploads\/sites\/8\/2025\/09\/declaracion_bienes_Laura-Garcia_censurado.pdf\" target=\"_blank\" rel=\"noopener\">Declaraci\u00f3n inicial<\/a><\/li>\n<\/ul>\n<p>[\/vc_column_text][\/vc_tta_section][vc_tta_section i_icon_fontawesome=\u00bbfar fa-folder\u00bb add_icon=\u00bbtrue\u00bb title=\u00bbFrancisco Rodr\u00edguez Rodr\u00edguez (VOX)\u00bb tab_id=\u00bb1663929570212-d6961290-eb6b\u00bb][vc_column_text]<\/p>\n<ul>\n<li><a href=\"https:\/\/www.lasgabias.es\/portal-transparencia\/wp-content\/uploads\/sites\/8\/2024\/01\/VOX_2023_2027_DB_inicial_Francisco-Rodriguez.pdf\" target=\"_blank\" rel=\"noopener\">Declaraci\u00f3n inicial<\/a><\/li>\n<\/ul>\n<p>[\/vc_column_text][\/vc_tta_section][vc_tta_section i_icon_fontawesome=\u00bbfar fa-folder\u00bb add_icon=\u00bbtrue\u00bb title=\u00bbFuensanta Ros Cantarero (VOX)\u00bb tab_id=\u00bb1663929580913-9da9d273-9bb4&#8243;][vc_column_text css=\u00bb\u00bb]<\/p>\n<ul>\n<li><a href=\"https:\/\/www.lasgabias.es\/portal-transparencia\/wp-content\/uploads\/sites\/8\/2024\/01\/VOX_2023_2027_DB_inicial_Fuensanta-Ros-Cantarero.pdf\" target=\"_blank\" rel=\"noopener\">Declaraci\u00f3n inicial<\/a><\/li>\n<li><a href=\"https:\/\/www.lasgabias.es\/portal-transparencia\/wp-content\/uploads\/sites\/8\/2024\/12\/Fuensanta-Ros-Cantarero_DB-ANUAL_f_censurado.pdf\" target=\"_blank\" rel=\"noopener\">Anual 2024<\/a><\/li>\n<li><a href=\"https:\/\/www.lasgabias.es\/portal-transparencia\/wp-content\/uploads\/sites\/8\/2025\/10\/DB-2025-FUENSANTA-ROS_censurado.pdf\" target=\"_blank\" rel=\"noopener\">Anual 2025<\/a><\/li>\n<\/ul>\n<p>[\/vc_column_text][\/vc_tta_section][vc_tta_section i_icon_fontawesome=\u00bbfar fa-folder\u00bb add_icon=\u00bbtrue\u00bb title=\u00bbJes\u00fas Mu\u00f1oz S\u00e1nchez (VOX)\u00bb tab_id=\u00bb1730204216276-d98d176c-54c3&#8243;][vc_column_text css=\u00bb\u00bb]<\/p>\n<ul>\n<li><a href=\"https:\/\/www.lasgabias.es\/portal-transparencia\/wp-content\/uploads\/sites\/8\/2024\/10\/Jesus-Munoz-Schez_DB-inicial-2024_censurado.pdf\" target=\"_blank\" rel=\"noopener\">Declaraci\u00f3n inicial<\/a><\/li>\n<li>Anual innecesario<\/li>\n<li><a href=\"https:\/\/www.lasgabias.es\/portal-transparencia\/wp-content\/uploads\/sites\/8\/2025\/10\/DB-2025-JESUS-MUNOZ_censurado.pdf\" target=\"_blank\" rel=\"noopener\">Anual 2025<\/a><\/li>\n<\/ul>\n<p>[\/vc_column_text][\/vc_tta_section][\/vc_tta_accordion][\/vc_column][\/vc_row]<\/p>\n<\/div>","protected":false},"excerpt":{"rendered":"<p>[vc_row][vc_column][vc_tta_accordion section_title_tag=\u00bbh5&#8243; style=\u00bbmodern\u00bb shape=\u00bbsquare\u00bb spacing=\u00bb1&#8243; gap=\u00bb1&#8243; c_icon=\u00bb\u00bb active_section=\u00bb\u00bb collapsible_all=\u00bbtrue\u00bb][vc_tta_section i_icon_fontawesome=\u00bbfar fa-folder\u00bb add_icon=\u00bbtrue\u00bb title=\u00bbM\u00aa Merinda S\u00e1daba Terribas (PP)\u00bb tab_id=\u00bb1663928788231-1fd7be99-144c\u00bb][vc_column_text css=\u00bb\u00bb] Declaraci\u00f3n inicial Anual 2024 Anual 2025 [\/vc_column_text][\/vc_tta_section][vc_tta_section i_icon_fontawesome=\u00bbfar fa-folder\u00bb add_icon=\u00bbtrue\u00bb title=\u00bbJavier Bravo S\u00e1nchez (PP)\u00bb tab_id=\u00bb1663928813361-16e9ed73-7ffa\u00bb][vc_column_text css=\u00bb\u00bb] Declaraci\u00f3n inicial Anual 2024 Anual 2025 [\/vc_column_text][\/vc_tta_section][vc_tta_section i_icon_fontawesome=\u00bbfar fa-folder\u00bb add_icon=\u00bbtrue\u00bb title=\u00bbMar\u00eda del Carmen Viceira D\u00edaz (PP)\u00bb tab_id=\u00bb1663933325607-43ce68a3-0c1d\u00bb][vc_column_text css=\u00bb\u00bb] Declaraci\u00f3n inicial&hellip;<\/p>\n","protected":false},"author":141,"featured_media":0,"parent":1860,"menu_order":0,"comment_status":"closed","ping_status":"closed","template":"","meta":{"_acf_changed":false,"footnotes":""},"class_list":["post-4890","page","type-page","status-publish","hentry","description-off"],"acf":[],"_links":{"self":[{"href":"https:\/\/www.lasgabias.es\/portal-transparencia\/wp-json\/wp\/v2\/pages\/4890","targetHints":{"allow":["GET"]}}],"collection":[{"href":"https:\/\/www.lasgabias.es\/portal-transparencia\/wp-json\/wp\/v2\/pages"}],"about":[{"href":"https:\/\/www.lasgabias.es\/portal-transparencia\/wp-json\/wp\/v2\/types\/page"}],"author":[{"embeddable":true,"href":"https:\/\/www.lasgabias.es\/portal-transparencia\/wp-json\/wp\/v2\/users\/141"}],"replies":[{"embeddable":true,"href":"https:\/\/www.lasgabias.es\/portal-transparencia\/wp-json\/wp\/v2\/comments?post=4890"}],"version-history":[{"count":41,"href":"https:\/\/www.lasgabias.es\/portal-transparencia\/wp-json\/wp\/v2\/pages\/4890\/revisions"}],"predecessor-version":[{"id":7938,"href":"https:\/\/www.lasgabias.es\/portal-transparencia\/wp-json\/wp\/v2\/pages\/4890\/revisions\/7938"}],"up":[{"embeddable":true,"href":"https:\/\/www.lasgabias.es\/portal-transparencia\/wp-json\/wp\/v2\/pages\/1860"}],"wp:attachment":[{"href":"https:\/\/www.lasgabias.es\/portal-transparencia\/wp-json\/wp\/v2\/media?parent=4890"}],"curies":[{"name":"wp","href":"https:\/\/api.w.org\/{rel}","templated":true}]}}